rue
Is 10946179 prime?
True
Is 3541537 a composite number?
False
Is 21086743 a composite number?
False
Is 6936263 composite?
False
Is 2286667 prime?
False
Is 11428647 a composite number?
True
Is 157352747 a composite number?
False
Is 7103171 a composite number?
False
Is 9644461 prime?
True
Is 69761 composite?
False
Is 76395479 prime?
True
Is 19760599 composite?
False
Is 64420673 a prime number?
False
Is 565729739 a prime number?
True
Is 165141461 prime?
True
Is 647969 a prime number?
False
Is 333884371 a prime number?
False
Is 732031 a composite number?
True
Is 15927413 prime?
True
Is 1691713 a composite number?
True
Is 19172541 a composite number?
True
Is 478679 a composite number?
False
Is 25208837 a prime number?
True
Is 51925453 prime?
True
Is 427751 composite?
False
Is 9217829 prime?
True
Is 4293181 prime?
False
Is 107778581 a prime number?
True
Is 4692539 prime?
True
Is 49081679 composite?
False
Is 24894719 a composite number?
False
Is 1560577 a composite number?
True
Is 25122203 composite?
True
Is 1708103 composite?
False
Is 766453 composite?
False
Is 10732429 a prime number?
True
Is 2970629 composite?
False
Is 1068971 prime?
False
Is 33339419 a prime number?
True
Is 42544009 a composite number?
True
Is 4216609 composite?
True
Is 42739 prime?
False
Is 1322099 prime?
False
Is 60086435 prime?
False
Is 143102059 a composite number?
False
Is 1996751 composite?
False
Is 4461383 composite?
True
Is 7620253 prime?
False
Is 626471093 prime?
True
Is 37280431 prime?
True
Is 7954763 a prime number?
True
Is 53547541 a prime number?
True
Is 167767183 a composite number?
False
Is 2341967 prime?
True
Is 4135343 prime?
True
Is 806515 a composite number?
True
Is 33216529 composite?
False
Is 8878789 prime?
True
Is 131417551 a prime number?
False
Is 65113619 composite?
True
Is 574119283 composite?
False
Is 91757654 composite?
True
Is 116483149 composite?
True
Is 340791037 composite?
False
Is 23645669 prime?
True
Is 468707359 prime?
False
Is 2558759 composite?
True
Is 124179817 a composite number?
False
Is 3336871 prime?
False
Is 1245421 a composite number?
False
Is 19464329 prime?
True
Is 9285574 composite?
True
Is 108388471 a prime number?
True
Is 3868789 a composite number?
False
Is 15958073 a composite number?
True
Is 264024347 prime?
True
Is 41677003 a prime number?
False
Is 28664341 a prime number?
True
Is 1718653 a prime number?
True
Is 414657427 a composite number?
False
Is 8672483 a composite number?
False
Is 4384673 a prime number?
True
Is 3921521 composite?
False
Is 66345703 a composite number?
True
Is 1923653 a composite number?
False
Is 688351 prime?
False
Is 64847521 a composite number?
False
Is 212812283 a composite number?
False
Is 10039093 composite?
False
Is 82125301 a composite number?
False
Is 4933814 prime?
False
Is 79628433 composite?
True
Is 1904041 a composite number?
False
Is 23220247 a composite number?
False
Is 26004119 prime?
True
Is 168831833 composite?
False
Is 140799 a composite number?
True
Is 14316217 prime?
False
Is 72612913 a prime number?
True
Is 208927613 prime?
True
Is 2435033 a composite number?
True
Is 254587079 prime?
False
Is 5864603 a prime number?
True
Is 140658071 composite?
True
Is 26895733 a prime number?
True
Is 29179873 a prime number?
True
Is 211838453 a prime number?
True
Is 53094061 a prime number?
False
Is 574003 a prime number?
True
Is 2836013 a composite number?
True
Is 549517099 prime?
True
Is 9643661 composite?
False
Is 43972963 prime?
True
Is 22141 a composite number?
True
Is 530407 composite?
True
Is 860233 a prime number?
False
Is 188373911 composite?
True
Is 29191753 a prime number?
True
Is 910561 composite?
False
Is 11958631 prime?
True
Is 2130119 prime?
False
Is 100219411 a composite number?
True
Is 237486329 a composite number?
True
Is 15011877 composite?
True
Is 5199377 composite?
True
Is 6210539 prime?
True
Is 15028719 a prime number?
False
Is 67542061 a prime number?
True
Is 5816621 a composite number?
True
Is 55241573 a prime number?
False
Is 8212507 composite?
True
Is 6805243 composite?
False
Is 3438637 composite?
False
Is 694343 a composite number?
True
Is 127267091 composite?
True
Is 6123433 prime?
False
Is 419388581 prime?
True
Is 118537 a prime number?
False
Is 174696187 prime?
True
Is 6665845 a prime number?
False
Is 1525493 a composite number?
False
Is 9368687 a prime number?
True
Is 27781639 a prime number?
True
Is 11114483 a composite number?
False
Is 3902209 a prime number?
True
Is 541453 a composite number?
True
Is 3259709 a prime number?
False
Is 141220687 composite?
True
Is 569221531 prime?
False
Is 2409451 prime?
False
Is 205291 a composite number?
True
Is 53845327 a prime number?
True
Is 6312733 a composite number?
True
Is 6970829 composite?
False
Is 2738401 composite?
True
Is 437141377 composite?
False
Is 73532059 composite?
True
Is 34023901 prime?
False
Is 1968611 prime?
True
Is 206796973 composite?
False
Is 271307371 a prime number?
False
Is 4694257 a prime number?
False
Is 29085139 a prime number?
True
Is 536808923 prime?
False
Is 37703987 prime?
True
Is 59261053 composite?
False
Is 117082841 composite?
True
Is 98689 a prime number?
True
Is 22134247 prime?
True
Is 4424111 composite?
False
Is 5872567 a prime number?
False
Is 6779639 a composite number?
False
Is 76383277 a composite number?
False
Is 38180237 a composite number?
False
Is 13529281 a prime number?
True
Is 543857207 composite?
True
Is 3431287 prime?
True
Is 10853753 a composite number?
False
Is 149971 composite?
False
Is 52781371 a prime number?
False
Is 104640061 composite?
False
Is 10879741 a composite number?
True
Is 176630149 prime?
True
Is 277926983 a composite number?
False
Is 4126943 a composite number?
True
Is 6687757 a prime number?
True
Is 1227282299 composite?
False
Is 56438029 a composite number?
False
Is 64727731 a composite number?
True
Is 148736051 a prime number?
True
Is 38041811 a prime number?
False
Is 14509421 composite?
False
Is 12533957 prime?
True
Is 68764519 composite?
False
Is 860243011 composite?
False
Is 103557497 composite?
True
Is 175666331 a prime number?
False
Is 6154403 composite?
False
Is 3598723 prime?
True
Is 418040951 a composite number?
False
Is 8015659 composite?
False
Is 140753 a prime number?
False
Is 1242739 prime?
True
Is 22627849 a prime number?
True
Is 171272573 prime?
True
Is 122880565 a prime number?
False
Is 301636351 prime?
True
Is 11148173 composite?
False
Is 12266629 prime?
True
Is 8263291 composite?
False
Is 15874678 a prime number?
False
Is 1806532979 a composite number?
False
Is 4616407 composite?
True
Is 49873319 composite?
True
Is 30063877 composite?
False
Is 96433822 prime?
False
Is 16719026 prime?
False
Is 5478487 a prime number?
False
Is 37798907 a prime number?
False
Is 18659845 composite?
True
Is 127036477 a prime number?
True
Is 14224919 composite?
False
Is 1275689 prime?
False
Is 24448979 composite?
False
Is 106269101 a prime number?
True
Is 61709401 a prime number?
False
Is 318415463 a composite number?
False
Is 312799 prime?
True
Is 194035403 a prime number?
False
Is 21463549 a composite number?
False
Is 4189117 a prime number?
True
Is 3621633 composite?
True
Is 417523 a composite number?
False
Is 1412714 prime?
False
Is 6284387 a prime number?
False
Is 5458001 composite?
False
Is 17355131 prime?
True
Is 69454907 a prime number?
True
Is 16923454 composite?
True
Is 286461431 composite?
False
Is 15632543 a composite number?
False
Is 4095451 a prime number?
True
Is 38488313 a composite number?
False
Is 11978605 prime?
False
Is 1707253 a composite number?
False
Is 749084249 composite?
False
Is 231269 composite?
False
Is 2379379 a prime number?
False
Is 77730883 a composite number?
False
Is 149386793 a composite number?
False
Is 689711 composite?
True
Is 44487017 composite?
False
Is 455842099 prime?
True
Is 264481799 a prime number?
False
Is 766679 a prime number?
True
Is 658667 a prime number?
False
Is 385736581 a composite number?
True
Is 1626211 a composite number?
False
Is 2863351 composite?
False
Is 9343703 a composite number?
False
Is 8346181 composite?
False
Is 122116649 a prime number?
True
Is 20279227 prime?
True
Is 3046633 a composite number?
True
Is 37275553 composite?
True
Is 536245135 prime?
False
Is 6045541 a composite number?
True
Is 